d?
-ab
In base 8, what is -2 - -2?
0
In base 8, what is 3 - 2004?
-2001
In base 10, what is 2 + -55?
-53
In base 10, what is 3 - -34?
37
In base 12, what is 8 + 117?
123
In base 14, what is 35 + 2?
37
In base 11, what is -2287 + -1?
-2288
In base 12, what is 209 - -4?
211
In base 13, what is -4 - 4?
-8
In base 14, what is 8721 + -3?
871c
In base 7, what is -1624 + -13?
-1640
In base 16, what is -6 - -23?
1d
In base 15, what is -648 + -4?
-64c
In base 3, what is -12 + -120202?
-120221
In base 9, what is -14 + 532?
517
In base 12, what is 4 + -31?
-29
In base 14, what is -8 - 32?
-3a
In base 13, what is -1c65 + -5?
-1c6a
In base 13, what is 279 - -1?
27a
In base 10, what is 28 + -14?
14
In base 16, what is 3 + 4cb?
4ce
In base 7, what is 63 - 11?
52
In base 2, what is -11000 - 110001?
-1001001
In base 11, what is 3 + -54?
-51
In base 16, what is 5 - -29?
2e
In base 5, what is -120 + 20?
-100
In base 4, what is 2001 + -23?
1312
In base 3, what is 0 - -1202?
1202
In base 3, what is 2201221 + 1?
2201222
In base 15, what is -11 + -12?
-23
In base 7, what is -3 - 225?
-231
In base 5, what is 14 + 20112?
20131
In base 4, what is 3 - -33?
102
In base 11, what is -2a3 - -3?
-2a0
In base 16, what is -4 - -8a8?
8a4
In base 5, what is 13 - -120?
133
In base 11, what is 510 + 12?
522
In base 14, what is 8 - -17?
21
In base 6, what is 1 + -23?
-22
In base 12, what is -2 + 228?
226
In base 12, what is 79 + 5?
82
In base 16, what is 4ea + 2?
4ec
In base 8, what is 4651 + 0?
4651
In base 11, what is 64 + -5?
5a
In base 15, what is -2ca - -2?
-2c8
In base 8, what is 77 + 0?
77
In base 10, what is -1 + -75?
-76
In base 8, what is 4 - -754?
760
In base 5, what is 413 - 3?
410
In base 7, what is -10 + 3?
-4
In base 3, what is 11 - 10110?
-10022
In base 7, what is -21 - 52?
-103
In base 7, what is -615 + 2?
-613
In base 13, what is 140 - -19?
159
In base 13, what is -4 - -19a?
196
In base 13, what is 10 + 21?
31
In base 5, what is -3 - -3010?
3002
In base 13, what is -95 + 1?
-94
In base 3, what is 12 - -211220?
212002
In base 16, what is 1 + -1?
0
In base 14, what is 7 - 2?
5
In base 15, what is -15 - 7?
-1c
In base 11, what is -68 + -18?
-85
In base 16, what is 16a7 - 2?
16a5
In base 9, what is -176 - -4?
-172
In base 2, what is 111000 - -1?
111001
In base 15, what is 59 - 40?
19
In base 12, what is 7 + 5?
10
In base 13, what is -2 - 2026?
-2028
In base 3, what is 12220121 + -10?
12220111
In base 5, what is 2 + 31104?
31111
In base 13, what is -152 + 9?
-146
In base 16, what is -4 + 49?
45
In base 5, what is -11 - 204?
-220
In base 2, what is -1011 + 1111?
100
In base 11, what is 0 - -17?
17
In base 11, what is -4 - 64?
-68
In base 10, what is -113 + 0?
-113
In base 6, what is -3 + 354?
351
In base 14, what is 346c + 1?
346d
In base 6, what is 5 - 5115?
-5110
In base 10, what is -2300 - 2?
-2302
In base 15, what is 39 - -3?
3c
In base 6, what is -1 - -11405?
11404
In base 2, what is -101001100010011 + 11?
-101001100010000
In base 15, what is -5 + -479?
-47e
In base 14, what is 3 + -1cb?
-1c8
In base 5, what is 23 + -31?
-3
In base 9, what is 36 + -88?
-52
In base 9, what is -7 - -14?
6
In base 13, what is -b1 - 12?
-c3
In base 10, what is -234 - 6?
-240
In base 8, what is -3 - -647?
644
In base 6, what is -11 - -3134?
3123
In base 2, what is -1010100000 - 1?
-1010100001
In base 5, what is -2430313 + -1?
-2430314
In base 13, what is -2 - -1a?
18
In base 11, what is -a30 - 1?
-a31
In base 13, what is -1 + -8ba?
-8bb
In base 6, what is 451 - -2?
453
In base 8, what is 7 + -1037?
-1030
In base 6, what is -304 - -52?
-212
In base 15, what is -1bb - 4?
-1c0
In base 15, what is 24 - b?
18
In base 5, what is 2112342 + -4?
2112333
In base 8, what is -4 + -2177?
-2203
In base 9, what is 75 - -2?
77
In base 2, what is -101 + 1000?
11
In base 15, what is -6 - -397?
391
In base 3, what is 20022 + 12?
20111
In base 15, what is -4ae - 10?
-4be
In base 13, what is 32cc - -2?
3301
In base 16, what is 5 - -949?
94e
In base 2, what is -10100001101 + 1?
-10100001100
In base 5, what is -11 + -1423?
-1434
In base 16, what is -3 - -1?
-2
In base 10, what is -3 + -966?
-969
In base 7, what is 0 - 126?
-126
In base 12, what is -43 + -3?
-46
In base 12, what is b59 + 1?
b5a
In base 10, what is 3 + 44?
47
In base 14, what is -5 + 15?
10
In base 15, what is -ee3 + -3?
-ee6
In base 10, what is 11 - 422?
-411
In base 11, what is 5 + -13?
-9
In base 5, what is 210 + 33?
243
In base 9, what is 85 + 34?
130
In base 5, what is -1 - 320?
-321
In base 5, what is -20 + 220?
200
In base 7, what is 0 - -2560?
2560
In base 6, what is 5 + -50?
-41
In base 4, what is -11 - 112?
-123
In base 2, what is 1 - 1011011?
-1011010
In base 16, what is -4 - 46c?
-470
In base 15, what is 7 + -28?
-21
In base 4, what is 23 - 3?
20
In base 12, what is -416 - -14?
-402
In base 2, what is 10 + -111?
-101
In base 6, what is 1553 + 2?
1555
In base 11, what is -7 + -27?
-33
In base 3, what is 10 + -21?
-11
In base 6, what is 3 - -13512?
13515
In base 14, what is 5c - -1?
5d
In base 4, what is 31 - 1110?
-1013
In base 15, what is 5 - 25?
-20
In base 13, what is 3067 - -2?
3069
In base 5, what is 4 - -143?
202
In base 8, what is 0 - 647?
-647
In base 10, what is 3413 + 2?
3415
In base 9, what is 11860 + -3?
11856
In base 10, what is 0 - -387?
387
In base 12, what is 11 - -98?
a9
In base 9, what is 150 + 4?
154
In base 4, what is -11 + 1201?
1130
In base 14, what is -11a - -b?
-10d
In base 12, what is 1 - -40?
41
In base 12, what is -a4 - -1?
-a3
In base 3, what is -11 - -101122?
101111
In base 11, what is -3 + -562?
-565
In base 8, what is 22 - -2527?
2551
In base 16, what is -d4e - -2?
-d4c
In base 11, what is -1 + -2?
-3
In base 13, what is -19 - 148?
-164
In base 3, what is 10 - 10111?
-10101
In base 11, what is -9 + -62?
-70
In base 5, what is -2441 - -2?
-2434
In base 4, what is -1 - -313?
312
In base 8, what is 135 + -41?
74
In base 9, what is 8470 + 3?
8473
In base 5, what is 20 - -24?
44
In base 14, what is 5 - -57?
5c
In base 10, what is 1 - -717?
718
In base 9, what is -24 - 443?
-467
In base 9, what is -31268 + 1?
-31267
In base 2, what is 100 - 1100000110100?
-1100000110000
In base 7, what is 4 - 33?
-26
In base 11, what is a - -2?
11
In base 4, what is -301 - -1002?
101
In base 9, what is 1 + -176?
-175
In base 2, what is 11 - -1111011111?
1111100010
In base 15, what is -1de9 - -2?
-1de7
In base 5, what is 2 + 1?
3
In base 8, what is -7 - -1157?
1150
In base 15, what is -a + -60b?
-616
In base 10, what is 4 + 1027?
1031
In base 7, what is 5 + 16602?
16610
In base 8, what is 3 - 2410?
-2405
In base 6, what is -1 + -142?
-143
In base 9, what is 33 - 8?
24
In base 4, what is 12 - -111?
123
In base 7, what is -1026 + 1?
-1025
In base 13, what is -103 + 18?
-b8
In base 5, what is -3040 + 4?
-3031
In base 10, what is 725 + -14?
711
In base 7, what is 12514 - 5?
12506
In base 9, what is -434 + -2?
-436
In base 2, what is 11010 - -10?
11100
In base 8, what is -1 - 1170?
-1171
In base 14, what is -4 - -58?
54
In base 13, what is 3 + -21?
-1b
In base 13, what is -111 + 5?
-109
In base 14, what is -d64 - 4?
-d68
In base 2, what is -1000 + 1101?
101
In base 14, what is -27 - 20?
-47
In base 10, what is -3492 - 4?
-3496
In base 10, what is -323 + -4?
-327
In base 4, what is -11 - -10320?
10303
In base 12, what is -4 - -1780?
1778
In base 7, what is 23 - 634?
-611
In base 2, what is -1001 - 100001011?
-100010100
In base 12, what is -530 - 0?
-530
In base 4, what is -20 + 3?
-11
In base 12, what is -9 - -63?
56
In base 2, what is 10100111011 + 100?
10100111111
In base 6, what is -4514 - 4?
-4522
In base 2, what is -1011100111 - 1000?
-1011101111
In base 5, what is -3344 + -10?
-3404
In base 5, what is 0 - 110?
-110
In base 15, what is 2 + 30a?
30c
In base 7, what is -4244 + -5?
-4252
In base 2, what is -110011101101 - -11?
-110011101010
In base 5, what is -243 - 0?
-243
In base 4, what is 1 - -2?
3
In base 8, what is -5222 - 0?
-5222
In base 3, what is 100 - -2212201?
2220001
In base 7, what is -5 + -1001?
-1006
In base 4, what is -22 - 331?
-1013
In base 14, what is 0 - 40?
-40
In base 8, what is -33 + 505?
452
In base 6, what is 1 + -21215?
-21214
In base 8, what is 3763 + 2?
3765
In base 14, what is -5 + -1a63?
-1a68
I